actor of 3 and 15.
3
Calculate the greatest common divisor of 225 and 2151.
9
What is the greatest common divisor of 14 and 70?
14
What is the highest common factor of 1251 and 333?
9
Calculate the greatest common divisor of 14 and 1792.
14
Calculate the highest common factor of 121 and 275.
11
Calculate the greatest common factor of 6325 and 69.
23
What is the highest common divisor of 6369 and 386?
193
What is the greatest common factor of 33 and 264?
33
Calculate the highest common divisor of 4 and 3168.
4
What is the greatest common divisor of 20 and 40?
20
What is the highest common divisor of 58 and 348?
58
Calculate the greatest common factor of 32 and 10.
2
What is the highest common factor of 55 and 154?
11
Calculate the highest common factor of 535 and 5.
5
Calculate the highest common factor of 518 and 56.
14
Calculate the greatest common factor of 901 and 17.
17
Calculate the greatest common divisor of 156 and 9477.
39
What is the greatest common factor of 225 and 825?
75
What is the highest common factor of 468 and 24?
12
Calculate the greatest common factor of 285 and 1311.
57
Calculate the highest common factor of 88 and 2750.
22
What is the highest common factor of 946 and 172?
86
Calculate the greatest common divisor of 1629 and 9.
9
What is the highest common divisor of 44 and 33?
11
Calculate the greatest common divisor of 5654 and 22.
22
Calculate the highest common divisor of 1664 and 64.
64
Calculate the greatest common divisor of 1595 and 11.
11
Calculate the highest common divisor of 5159 and 462.
77
Calculate the greatest common factor of 58 and 4.
2
Calculate the greatest common factor of 1275 and 25.
25
What is the highest common factor of 80 and 848?
16
What is the greatest common divisor of 144 and 6408?
72
What is the highest common factor of 9 and 3087?
9
Calculate the greatest common divisor of 24 and 2892.
12
Calculate the highest common divisor of 9 and 33.
3
Calculate the greatest common factor of 56 and 385.
7
Calculate the highest common divisor of 432 and 4.
4
What is the greatest common divisor of 96 and 3?
3
Calculate the highest common divisor of 1825 and 73.
73
What is the greatest common divisor of 18 and 81?
9
Calculate the highest common divisor of 168 and 868.
28
What is the greatest common divisor of 73 and 72343?
73
Calculate the highest common divisor of 21709 and 17.
17
What is the greatest common divisor of 130 and 4212?
26
Calculate the greatest common factor of 28 and 36.
4
What is the greatest common divisor of 2244 and 40?
4
Calculate the greatest common divisor of 2256 and 128.
16
Calculate the highest common factor of 3 and 20847.
3
What is the greatest common divisor of 10 and 15?
5
Calculate the greatest common divisor of 125 and 15.
5
What is the greatest common divisor of 35 and 154?
7
Calculate the highest common factor of 68 and 17.
17
What is the greatest common factor of 515 and 412?
103
What is the highest common divisor of 153 and 51?
51
What is the greatest common divisor of 336 and 144?
48
Calculate the highest common divisor of 42 and 294.
42
What is the greatest common divisor of 902 and 82?
82
What is the greatest common divisor of 231 and 39?
3
Calculate the greatest common factor of 52 and 13.
13
Calculate the greatest common factor of 70 and 105.
35
Calculate the highest common factor of 49 and 21.
7
Calculate the highest common divisor of 16 and 112.
16
Calculate the greatest common divisor of 5680 and 20.
20
What is the highest common factor of 737 and 11?
11
What is the greatest common divisor of 40 and 2480?
40
Calculate the highest common factor of 1134 and 42.
42
What is the highest common divisor of 200 and 160?
40
Calculate the highest common divisor of 826 and 2006.
118
What is the greatest common factor of 994 and 70?
14
Calculate the highest common divisor of 332 and 15604.
332
What is the highest common divisor of 95 and 2033?
19
Calculate the greatest common divisor of 232 and 754.
58
Calculate the greatest common factor of 3064 and 383.
383
Calculate the greatest common factor of 39 and 26.
13
Calculate the highest common divisor of 119 and 21.
7
What is the highest common divisor of 14 and 2?
2
Calculate the greatest common divisor of 23591 and 31.
31
What is the greatest common divisor of 893 and 19?
19
What is the greatest common factor of 39 and 2613?
39
Calculate the greatest common divisor of 36 and 21.
3
What is the greatest common divisor of 60 and 765?
15
Calculate the greatest common divisor of 3077 and 362.
181
Calculate the highest common factor of 92 and 28.
4
What is the greatest common divisor of 4324 and 564?
188
Calculate the highest common factor of 64 and 448.
64
Calculate the greatest common factor of 511 and 11023.
73
Calculate the greatest common factor of 5198 and 230.
46
What is the greatest common divisor of 14 and 437?
1
Calculate the highest common factor of 7663 and 632.
79
Calculate the highest common factor of 25 and 51325.
25
Calculate the greatest common divisor of 13 and 47.
1
Calculate the highest common factor of 18 and 423.
9
What is the greatest common divisor of 45 and 22815?
45
What is the highest common factor of 1524 and 3?
3
Calculate the highest common factor of 785 and 1413.
157
What is the greatest common divisor of 28185 and 45?
15
Calculate the highest common factor of 68 and 136.
68
What is the highest common divisor of 24 and 11976?
24
What is the greatest common factor of 3 and 372?
3
Calculate the highest common factor of 280 and 210.
70
What is the greatest common divisor of 108 and 1116?
36
What is the highest common divisor of 1422 and 632?
158
Calculate the highest common factor of 1970 and 100.
10
Calculate the greatest common divisor of 570 and 30.
30
What is the highest common divisor of 576 and 72?
72
What is the highest common divisor of 40 and 520?
40
What is the greatest common divisor of 147 and 539?
49
Calculate the greatest common factor of 14996 and 184.
92
What is the highest common divisor of 21 and 5817?
21
What is the greatest common factor of 476 and 612?
68
What is the greatest common divisor of 9 and 642?
3
What is the greatest common factor of 50 and 60?
10
Calculate the greatest common factor of 178 and 42542.
178
What is the highest common divisor of 15 and 265?
5
Calculate the highest common factor of 64 and 272.
16
Calculate the highest common divisor of 2925 and 78.
39
What is the highest common divisor of 286 and 26?
26
Calculate the highest common factor of 55 and 715.
55
What is the highest common factor of 895 and 179?
179
Calculate the greatest common factor of 90 and 1845.
45
Calculate the highest common factor of 243 and 6993.
27
Calculate the greatest common factor of 4 and 80.
4
Calculate the highest common factor of 10 and 74360.
10
Calculate the highest common divisor of 68884 and 68.
68
What is the greatest common factor of 49 and 539?
49
What is the highest common factor of 81 and 1143?
9
What is the greatest common divisor of 64 and 8480?
32
What is the greatest common divisor of 71 and 10721?
71
What is the highest common factor of 42 and 10?
2
Calculate the greatest common factor of 22505 and 70.
35
What is the highest common divisor of 132 and 12?
12
What is the highest common factor of 385 and 21?
7
Calculate the greatest common divisor of 451 and 5289.
41
What is the highest common factor of 8 and 36?
4
Calculate the greatest common divisor of 21 and 273.
21
Calculate the highest common factor of 1169 and 7.
7
Calculate the greatest common factor of 136 and 2652.
68
What is the highest common divisor of 9 and 13023?
9
What is the greatest common factor of 168 and 72?
24
Calculate the greatest common divisor of 864 and 27.
27
Calculate the highest common divisor of 51 and 237.
3
Calculate the highest common divisor of 6 and 2766.
6
What is the highest common factor of 176 and 968?
88
What is the highest common factor of 176 and 748?
44
Calculate the greatest common factor of 42 and 14.
14
What is the highest common factor of 405 and 162?
81
Calculate the greatest common factor of 8954 and 22.
22
Calculate the highest common divisor of 28 and 987.
7
What is the greatest common factor of 32 and 14?
2
Calculate the greatest common factor of 90 and 870.
30
Wha